mainder when t is divided by q.
1
Suppose -4*g + 12 = -200. Calculate the remainder when g is divided by 18.
17
Let i(g) = 57*g**2 + g + 1. Calculate the remainder when i(-1) is divided by (-45)/(-3) + 0 - 0.
12
Suppose 58*i + 88 = 62*i. What is the remainder when 108 is divided by i?
20
Let k(s) = 27*s**2. What is the remainder when (3 + 11 - -3)/((-5)/(-15)) is divided by k(-1)?
24
Let m = 4 + -4. Suppose 3*t - 54 = -m*t. Suppose -2*u + t + 10 = 0. What is the remainder when 40 is divided by u?
12
Let c = -3 - -3. Calculate the remainder when (0 - 1) + (1 - -53) is divided by (c - 1)/((-2)/36).
17
Let q = -37 - -80. Calculate the remainder when 126 is divided by q.
40
Let o be -2 - (-14 - -2)/3. Suppose 0 = -3*f - o*f + 5. Let r = f + 21. Calculate the remainder when r is divided by 8.
6
Let l = -337 + 502. Calculate the remainder when l is divided by 42.
39
Let z = -12 - -25. Let y = z - 4. Calculate the remainder when 24 is divided by y.
6
Let u(d) = d**3 + 4*d**2 - 6*d - 5. Suppose -3*l + 2 = 14. What is the remainder when u(l) is divided by 7?
5
Let c(r) = -r + 10. What is the remainder when 2*(-15)/(-12)*18 is divided by c(-2)?
9
What is the remainder when 5 is divided by (-1)/(-3) + ((-5)/(-3) - 1)?
0
Suppose 0 = 4*o - 11 - 5. Suppose o*i - 16 = 8. What is the remainder when i is divided by 3?
0
Let j be -3 + 6 + (1 - 1). Suppose -j*i - 9*n + 4*n + 10 = 0, 0 = i + 4*n - 1. Let w = i - 2. What is the remainder when 10 is divided by w?
1
Suppose 13*p - 11*p - 330 = 0. Calculate the remainder when p is divided by 24.
21
Suppose -3*z + 63 = -3*b, 3*z + b - 40 = 39. Calculate the remainder when 147*(-2)/(-6)*2 is divided by z.
23
What is the remainder when (1 - 2)*(0 + -4 - 81) is divided by 43?
42
Suppose c = -3*q + 14, 2*c - 2*q + 44 = 7*c. Suppose -5*f - 4*o + 89 = 0, 6*o + 54 = 3*f + 9*o. What is the remainder when c/(2/(10 - 2)) is divided by f?
15
Let g = 78 + -40. Calculate the remainder when g is divided by 21.
17
Let s be (-3 - (-26)/10)*-330. Suppose y + 5*j - 88 = 0, -2*j + j = -2*y + s. What is the remainder when y is divided by 23?
22
Let m(n) = n**2 + n - 1. Let j be m(2). Suppose h - j*h = -268. Let q(w) = w**2 - w - 7. What is the remainder when h is divided by q(6)?
21
Suppose 3*j = 3*d - 246, 2*j - 389 = -0*d - 5*d. Calculate the remainder when d is divided by 10.
9
Let f = 614 + -311. What is the remainder when f is divided by 51?
48
Let i(y) = 2*y**2 + 4*y - 9. Let g(f) = -8*f + 2. What is the remainder when i(-6) is divided by g(-1)?
9
Suppose -4*z - 11 + 47 = -u, -5*u - 20 = 0. Let q = -1 + 32. Let h = q + -8. Calculate the remainder when h is divided by z.
7
Calculate the remainder when 139 is divided by 35 - 0*5/(-20).
34
Let u be (-2)/((20/8)/5). Let g(k) = 2*k**2 + 2*k - 1. What is the remainder when g(u) is divided by 13?
10
Suppose -r + 9 = 1. Calculate the remainder when 36 is divided by r.
4
Let j be 3/9 - 11/(-3). Suppose 40 = 3*f + k, 3*f + 32 = j*f + 5*k. Calculate the remainder when f is divided by 5.
2
Let a(k) = -k**3 - 8*k**2 - 12*k + 15. Calculate the remainder when a(-8) is divided by 38.
35
Let c(j) = j + 7. Let y = 31 + -30. Calculate the remainder when c(-6) is divided by y.
0
What is the remainder when 29 is divided by 6/(-9) + 47/3?
14
Let d = 73 + -53. What is the remainder when d is divided by 7?
6
Let n = -9 - -7. What is the remainder when 43 is divided by (n - -17)*1/1?
13
Let g(q) = -q**3 - 13*q**2 + 48*q + 20. What is the remainder when (-1 + 3)/((-4)/(-118)) is divided by g(-16)?
19
Suppose 0*h - 4*h = 96. Let c = 47 + h. Calculate the remainder when c is divided by 8.
7
Let x(i) = -7*i - 4*i + 5 + 4*i + 2*i**2. Let s be 10/((-1)/((-2)/4)). Calculate the remainder when 58 is divided by x(s).
18
Suppose -2*l - 66 = -4*l. What is the remainder when l is divided by 6?
3
Let g be (-6)/6*42/(-1). Suppose 2*j + g = 4*n - 0*j, -3*n + 2*j = -34. Calculate the remainder when n is divided by 5.
3
Let g be (108/(-4))/((-3)/2). Let f = g + -11. What is the remainder when f is divided by 2?
1
Let z(d) = 101*d - 7. What is the remainder when z(1) is divided by 32?
30
Suppose -2*s = s + 27. Let f(z) = -z**2 - 9*z + 7. Let r(a) = -11*a + 1. What is the remainder when r(-1) is divided by f(s)?
5
Let c(s) = -3*s**2 - 5 - 5*s + 4*s**2 + 0*s**2 + 3. What is the remainder when 7 is divided by c(6)?
3
Suppose 2*x = 6*x - 260. What is the remainder when 322 is divided by x?
62
What is the remainder when 37 - ((-12)/24)/(1/4) is divided by 11?
6
Suppose 0 = 3*w - 30 - 9. Suppose -1 + w = q. What is the remainder when -2 + (51 - (1 + 1)) is divided by q?
11
Suppose 0 = -4*i + 9*i - 10. Suppose -22 = -p - i*o, -p - o + 26 = 2*o. What is the remainder when 27 is divided by p?
13
What is the remainder when 208/6 - 1/(-3) is divided by 220/18 + -4 + 408/108?
11
Let c = -13 + 22. Calculate the remainder when c is divided by 3.
0
Let x(d) = 16*d**2 + 1. Calculate the remainder when x(2) is divided by 22.
21
Let n = 6 + -4. Let m(s) = -s**2 + 5*s - 1. Let c be m(4). Calculate the remainder when n is divided by (c - 4)/((-2)/4).
0
Suppose -2*a = 2*v - 62, -149 = -5*v - 2*a - 0*a. Calculate the remainder when 112 is divided by v.
25
Let h(t) = -t + 51. Let m be h(0). What is the remainder when m/2*(-10)/(-15) is divided by 5?
2
Suppose -21 = o + 2*o. Let h = o + 8. Calculate the remainder when 19*1/(h/2) is divided by 20.
18
Suppose 27 + 9 = 2*d. Suppose 0*v = -3*v - d. What is the remainder when (1 + 2)*(-50)/v is divided by 9?
7
Let i be (20 - (-2 - -2)) + -1. Let v = 27 - i. What is the remainder when 15 is divided by v?
7
Suppose -2*i = f - 0*f - 29, 4*f = -20. Calculate the remainder when 25 is divided by i.
8
Let j = 135 - 93. Let l(q) = 6*q - 13. What is the remainder when j is divided by l(4)?
9
Let q = 2 + -3. Let c = q + 3. Calculate the remainder when 52/c + -1 + -2 is divided by 12.
11
Let k = -2 - -35. Let g = k + -15. Calculate the remainder when g is divided by 7.
4
Suppose 3*i = -5*w + 5, 0*w - i = 4*w - 11. Suppose 4*f + w*q = 224, f - 4*q = 3*f - 116. Let z = -30 + f. Calculate the remainder when z is divided by 13.
11
Let l = 29 + -12. What is the remainder when 48 is divided by l?
14
Let b(j) = -j**3 + 5*j**2 + 6*j - 1. Let y be b(6). Let n = 2 - y. What is the remainder when 5 is divided by n?
2
Let o = 2 - -1. Let w be (-2)/o - 88/12. Let x = 22 + w. Calculate the remainder when 40 is divided by x.
12
Calculate the remainder when 26 is divided by (45/(-12))/(7/(-28)).
11
Let l(m) = 0*m + 3*m - 4*m + 7*m**2 - m**2. What is the remainder when l(2) is divided by 8?
6
Let a be 518/6 + (-2)/(-3). Suppose -4*n = 23 - a. What is the remainder when 63 is divided by n?
15
Let i(f) be the second derivative of f**3/3 + 6*f**2 - 6*f. What is the remainder when 133 is divided by i(11)?
31
Suppose -9 = -k - 2*k. Suppose 4*b + 8*g - 141 = k*g, 2*g - 33 = -b. What is the remainder when b is divided by 10?
9
Suppose w + 0*w - 67 = 0. What is the remainder when w is divided by 17?
16
Let a = 8 + -3. Suppose -a*z + 191 + 64 = 0. Calculate the remainder when z is divided by 13.
12
Let r be 1*(-1 - 5*3). Let u = 23 + r. Let n(h) = h**3 - 5*h**2 - 9*h - 9. What is the remainder when n(u) is divided by 7?
5
Let y = -307 - -310. Suppose -46 = -4*c + 3*b, -4*c + 56 = 5*b - 3*b. What is the remainder when c is divided by y?
1
Suppose -3*x - 4*z + 56 = z, z = 2*x - 46. Calculate the remainder when 42 is divided by x.
20
Suppose 3*y - 3*v - 12 - 30 = 0, 4*y - 3*v - 51 = 0. Let h = -2 + y. What is the remainder when h is divided by 3?
1
Calculate the remainder when 6 is divided by 68/18 - 4/(-18).
2
Suppose 4*a - 54 = 2*p, -2*p = p + 3. Suppose 23 = 6*m - 2*m + 3*z, -4*z + 29 = 5*m. Calculate the remainder when a is divided by m.
3
Let y(w) = 3*w**2 + 12*w + 18. Calculate the remainder when y(-7) is divided by 28.
25
Let n = 5 + 2. Suppose 3*q - b = 51, -q - b + 13 = -4. Let u = 2 + q. What is the remainder when u is divided by n?
5
Let y = -4 + -11. Let r = y - -22. Suppose -4*d = 5*f - 33, -2*f = -r*d + 4*d - 27. Calculate the remainder when 17 is divided by f.
8
Suppose 0 = 12*t + 11*t - 368. Calculate the remainder when t is divided by 4.
0
Suppose -16 + 76 = 12*g. Calculate the remainder when 2/(-4) - 45/(-6) is divided